1*n - 9. Let i be g(3). Calculate the greatest common divisor of i and 16.
8
Let f(t) = -2*t**3 + 4*t**2 + 3*t. Let l be f(-2). What is the highest common divisor of l and 4?
2
Suppose 0 = 4*k + 4*y - 148, 4*y + 159 = 4*k - 5. Suppose 155 + 20 = 5*q. Let i = q - 9. What is the greatest common divisor of i and k?
13
Let r be 190/6 + (-2)/(-6). What is the highest common factor of r and 8?
8
Let c be 93/12 - (-1)/4. Let y(r) = 9*r - 176. Let o be y(24). What is the greatest common divisor of o and c?
8
Let t(i) = 5*i**2 - 3*i. Let r be t(2). Calculate the greatest common divisor of 42 and r.
14
Let x = -89 + 173. What is the greatest common factor of x and 21?
21
Suppose 0 = o - 0*a - 2*a + 17, -4*o = -5*a + 53. Let q be 37/1 - (o + 4). What is the highest common factor of 4 and q?
4
Let l = 7 - 7. Suppose -3*m + 22 - 4 = l. Calculate the highest common factor of m and 12.
6
Suppose 2*p = 3*p - 18. Let b be p*(110/(-6))/(-5). Calculate the highest common divisor of 6 and b.
6
Let j = -41 + 151. Calculate the highest common divisor of 44 and j.
22
Let j(v) = v**3 - 3*v**2 + 5. Let y be j(3). Suppose 3*f - f + 4*c = 28, f - 3*c - 4 = 0. What is the highest common divisor of f and y?
5
Let v be (-3 + (-30)/(-9))*12. Suppose v*o + g = o + 40, 0 = 4*o - g - 58. Calculate the highest common factor of o and 7.
7
Let w be (-27)/(2/(-4) + 0). Let p be (-4)/(-26) + (-228)/(-39). What is the greatest common factor of w and p?
6
Let s = -12 + 24. Let z be 4 + (-1 - -2)/(-1). Calculate the highest common divisor of s and z.
3
Let r be 0 + 21 + 0 + -1. Let g(m) = 5*m**2 + 95*m - 20. Let q be g(-20). Calculate the highest common factor of r and q.
20
Suppose 5*t + 938 = 3*q - 110, -20 = 4*t. What is the highest common divisor of 31 and q?
31
Suppose 0*r = -2*r + 6. Let s be (r - 153 - -3)*-1. What is the highest common divisor of s and 21?
21
Let d be 11*1 + (2 - 1). Let t be (-3)/((-30)/(-50))*24/(-10). Calculate the greatest common divisor of t and d.
12
Suppose -5*t + 107 = -13. Let j be 15/(-10)*(-4)/(-6). Let i be (-2 - j - -17) + 0. Calculate the highest common factor of t and i.
8
Let i(g) = 120*g**2 - g - 1. Let k be i(-1). Suppose 0*p + 3*p = -12. Let q(l) = -2*l + 4. Let r be q(p). Calculate the greatest common factor of r and k.
12
Let v = -16 + 2. Let f = v - -24. Calculate the greatest common divisor of 10 and f.
10
Let p = -27 - -40. Let b = -233 - -155. Let i be b/(-8)*(-2 - -6). Calculate the highest common divisor of p and i.
13
Let z(s) = -s**3 - 10*s**2 + s. Let n be z(-11). What is the highest common factor of n and 10?
10
Let t = 73 + -8. Suppose -7*g + 2*r + 90 = -3*g, 3*g - r = t. What is the highest common divisor of g and 8?
4
Let z(v) = -v**3 - 2*v**2 + 27*v. Let n be z(4). Calculate the highest common divisor of 12 and n.
12
Let k(h) = 4*h**2 - 23. Let u be k(4). What is the highest common factor of u and 164?
41
Let j be 6/24 + 38/8. Suppose j*x - 4*x = 0. Let b = 10 - x. Calculate the greatest common factor of 25 and b.
5
Suppose 2*b + p - 20 = 5*p, 3*p + 10 = -b. Suppose b*t + 4 = -y + 12, -3 = t - 3*y. Calculate the highest common divisor of 9 and t.
3
Let v(d) be the first derivative of -2*d**2 - 7*d + 3. Let z be v(-7). Let n be 1*2 + 0 + 12. What is the greatest common factor of z and n?
7
Suppose 2*l + 38 = 3*b, -45 = -4*b - 0*b - 3*l. Suppose -r + 2*r = b. Calculate the highest common factor of 30 and r.
6
Let g = -4 - -7. Suppose 0 = -4*b - c - c + 98, 5*c - 56 = -g*b. What is the greatest common divisor of b and 18?
9
Suppose 0 = 2*u - 2 - 6. Suppose 0 = -a + u*a - 231. Suppose 2*m + 8 = 0, 3*m + 37 = 3*h - m. What is the highest common divisor of h and a?
7
Let q = -43 - -19. Let h = -12 - q. Calculate the highest common divisor of 12 and h.
12
Let g(t) = -t**3 + t**2 + 7*t. Let o be g(-3). Let z(w) = -w**2 - 12*w + 16. Let p be z(-13). Calculate the greatest common factor of p and o.
3
Suppose -4*a + 107 = -l, 0 = 3*a - a + 3*l - 71. Suppose m = -5*u + 5*m + 370, 0 = u + 5*m - 45. What is the greatest common factor of a and u?
14
Let j be (-8)/(-8)*-56*(-7)/4. Calculate the highest common divisor of 14 and j.
14
Suppose -56 = -2*f - 12. What is the greatest common factor of f and 22?
22
Let n be (-2)/(-11) - (-1204)/154. Calculate the greatest common factor of 40 and n.
8
Suppose 5*m = -2*n + 249, 0 = -0*n - 3*n - 2*m + 346. Let s(p) = 5*p**2 + 3*p + 2. Let o be s(-2). Calculate the highest common factor of n and o.
16
Let v(q) = q**2 + 7*q - 2. Let n be v(-8). What is the highest common divisor of 3 and n?
3
Suppose -4*i = -45 - 7. Calculate the greatest common divisor of i and 39.
13
Let j(p) = -p - 3. Let x be j(-6). Let a be 6/((-4 + x)/(-1)). Calculate the greatest common divisor of a and 3.
3
Let a be (-10)/85 - (-378)/34. What is the highest common factor of a and 11?
11
Suppose -2*d = -4*a - 334, 0 = 5*d + 2*a + 3*a - 895. Suppose -5*k + d = -0*k. Let b = 21 + k. Calculate the highest common divisor of 8 and b.
8
Let a(z) = -z**3 - 7*z**2 - 7*z - 4. Let x be a(-6). Suppose -9 = 3*r + 5*k - 52, 5*r - 83 = 3*k. What is the highest common factor of x and r?
2
Let s(x) = -x**3 + 8*x**2 - 9*x. Let d be s(6). Suppose -4*u = 4*a + a - 28, -2*u = -a. Let r be 9/(-8)*u*-24. What is the greatest common divisor of d and r?
18
Let f be (-12)/21*(2 - 16). Calculate the greatest common divisor of 64 and f.
8
Let s be 8*((-405)/(-12) + 1). Let f be 1/(2 + s/(-140)). Suppose 0 = 2*l - 59 + 3. Calculate the greatest common factor of l and f.
14
Let y(i) = i**2 - 5*i - 2. Let h be (1*-1)/(9/(-54)). Let o be y(h). What is the greatest common factor of o and 4?
4
Suppose 0 = 5*w + 15, -3*w + 23 + 16 = 3*v. Suppose 0 = n + n - v. What is the greatest common factor of 64 and n?
8
Let h(d) = -d - 1. Let z be h(-7). Suppose z*j = 3*j + 120. Let n = 172 - 72. What is the highest common divisor of n and j?
20
Suppose 3*v + 4*u - 50 = v, 3*u = -4*v + 80. What is the highest common divisor of 51 and v?
17
Suppose -324 = -7*d + d. What is the highest common factor of d and 18?
18
Suppose -4*s + 11 = -b + 39, 5*b + 5*s - 190 = 0. Suppose 4*o - 48 = 2*o. What is the highest common factor of o and b?
12
Let i(r) = 6*r**2 + r - 8. Let x be i(-4). What is the greatest common divisor of 12 and x?
12
Suppose -5*o - 51 = -4*x - 6, 37 = 4*x + 3*o. Calculate the greatest common factor of x and 40.
10
Let y be 1635/25 - (-3)/5. What is the highest common factor of y and 6?
6
Let f be (1863/6)/9 - 3/2. What is the highest common factor of 297 and f?
33
Let i(v) = v**2 + v. Let u be i(-5). Calculate the greatest common divisor of u and 8.
4
Suppose 4 = -2*a + 40. What is the highest common factor of 24 and a?
6
Let y = -336 - -721. What is the highest common factor of y and 35?
35
Let k be (234/(-8))/((-1)/4). Let p(q) = q**3 - q**2 + 3*q. Let y be p(3). Let d = y + -14. Calculate the greatest common divisor of d and k.
13
Let u be (-12)/15*-5*32/4. What is the greatest common factor of u and 4?
4
Let r = 346 + -181. Calculate the highest common divisor of r and 15.
15
Suppose -54 - 41 = -5*w - 5*j, 4*w = -5*j + 78. Suppose -3*z = 5*c - 94, 91 = -0*c + 5*c + 2*z. What is the highest common divisor of w and c?
17
Let n(f) be the first derivative of -17*f**2 - f - 1. Let b be n(-1). Let l(u) = u**2 - 8*u - 6. Let o be l(9). What is the highest common factor of b and o?
3
Let q be (7/14)/((-1)/(-10)). Let j = -45 + 86. Suppose 0 = -3*b - 11 + j. What is the highest common divisor of q and b?
5
Let s be (1/2)/(2/56). What is the greatest common factor of 42 and s?
14
Suppose 270 = 5*y + 5*i, -y - 4*y + 288 = -4*i. What is the greatest common divisor of 7 and y?
7
Let h = -11 - -25. Calculate the greatest common factor of h and 98.
14
Suppose -4*c + 4*v = -84, -3*v = 5*c - 29 - 36. What is the greatest common divisor of c and 128?
16
Let s be 1/(1 - (-103)/(-104)). Let v be 2/(-1 + 45/39). Calculate the greatest common divisor of s and v.
13
Let l be (-10)/(-15) + (-11)/3. Let z = 5 + 3. Let m = l + z. What is the greatest common divisor of m and 55?
5
Suppose 3*o + 351 = 4*o. Calculate the highest common factor of 39 and o.
39
Let d = 214 + -94. What is the greatest common divisor of d and 48?
24
Suppose k - 5*k - 2*v + 362 = 0, -5*k + 2*v = -430. Calcu